se 13) to base 12
-35
13 (base 4) to base 14
7
What is -1 (base 16) in base 11?
-1
-2 (base 3) to base 14
-2
-11100 (base 2) to base 8
-34
What is 285 (base 9) in base 6?
1035
-10 (base 4) to base 10
-4
Convert -11000 (base 3) to base 5.
-413
Convert -1 (base 16) to base 5.
-1
What is -3 (base 15) in base 14?
-3
Convert 67 (base 13) to base 8.
125
Convert 0 (base 11) to base 8.
0
What is -18 (base 12) in base 11?
-19
Convert -43 (base 8) to base 9.
-38
1 (base 6) to base 4
1
-136 (base 9) to base 11
-a4
Convert a (base 13) to base 15.
a
What is 10 (base 5) in base 15?
5
Convert -1 (base 5) to base 16.
-1
Convert 1222 (base 3) to base 4.
311
What is -3 (base 12) in base 7?
-3
Convert -3 (base 13) to base 15.
-3
b4 (base 12) to base 2
10001000
Convert -22211 (base 3) to base 11.
-1a7
What is -2 (base 7) in base 15?
-2
Convert -5 (base 9) to base 13.
-5
Convert 13 (base 6) to base 3.
100
What is -262 (base 10) in base 8?
-406
What is -4 (base 6) in base 4?
-10
3 (base 4) to base 13
3
156 (base 8) to base 5
420
Convert -208 (base 10) to base 4.
-3100
-2 (base 13) to base 15
-2
What is -17 (base 11) in base 14?
-14
265 (base 9) to base 13
140
Convert -3 (base 13) to base 3.
-10
What is 5 (base 13) in base 5?
10
What is 7 (base 15) in base 13?
7
Convert 1 (base 5) to base 2.
1
What is -3 (base 14) in base 11?
-3
-121 (base 5) to base 16
-24
2c (base 16) to base 13
35
1130 (base 5) to base 14
bb
What is -22 (base 11) in base 7?
-33
What is 12 (base 15) in base 4?
101
What is -2 (base 12) in base 11?
-2
Convert 50 (base 10) to base 4.
302
2 (base 3) to base 13
2
2 (base 7) to base 8
2
-1a (base 12) to base 14
-18
-8 (base 14) to base 16
-8
4 (base 16) to base 5
4
-53 (base 16) to base 11
-76
-2 (base 11) to base 16
-2
53 (base 9) to base 15
33
Convert 9 (base 11) to base 2.
1001
-24 (base 14) to base 13
-26
111 (base 2) to base 9
7
2 (base 7) to base 4
2
What is 1 (base 5) in base 2?
1
What is 5 (base 13) in base 15?
5
Convert 42 (base 13) to base 9.
60
Convert -16 (base 8) to base 13.
-11
Convert 1 (base 11) to base 10.
1
-6 (base 16) to base 11
-6
10 (base 9) to base 2
1001
What is -41 (base 6) in base 7?
-34
What is -1222 (base 4) in base 15?
-71
36 (base 14) to base 13
39
What is 15 (base 11) in base 4?
100
-1011100 (base 2) to base 16
-5c
What is 4 (base 10) in base 12?
4
Convert 12 (base 6) to base 9.
8
-55 (base 7) to base 2
-101000
-110 (base 3) to base 10
-12
What is 1 (base 14) in base 6?
1
Convert -3 (base 16) to base 7.
-3
22 (base 13) to base 8
34
10 (base 12) to base 4
30
What is 1 (base 8) in base 6?
1
33 (base 5) to base 10
18
What is -3 (base 8) in base 13?
-3
What is 3 (base 14) in base 9?
3
What is -101 (base 2) in base 13?
-5
-7 (base 12) to base 7
-10
What is -14 (base 8) in base 7?
-15
-6 (base 13) to base 5
-11
-52 (base 9) to base 12
-3b
What is 12 (base 14) in base 11?
15
10 (base 3) to base 7
3
Convert 100 (base 9) to base 16.
51
Convert 20202 (base 3) to base 5.
1212
Convert 12 (base 4) to base 16.
6
Convert 11 (base 7) to base 5.
13
What is a (base 14) in base 9?
11
-103 (base 7) to base 3
-1221
Convert -146 (base 7) to base 15.
-58
-7c (base 15) to base 12
-99
Convert -7a (base 13) to base 2.
-1100101
11 (base 3) to base 10
4
0 (base 2) to base 9
0
What is -12 (base 16) in base 8?
-22
What is -10 (base 2) in base 7?
-2
What is 155 (base 8) in base 7?
214
11 (base 8) to base 11
9
What is -1 (base 4) in base 6?
-1
b (base 16) to base 11
10
What is 3 (base 12) in base 6?
3
Convert 20 (base 16) to base 4.
200
1 (base 3) to base 6
1
What is -15 (base 7) in base 4?
-30
What is -11 (base 2) in base 14?
-3
What is -26 (base 15) in base 16?
-24
-4 (base 13) to base 9
-4
Convert 71 (base 13) to base 8.
134
-10012 (base 3) to base 15
-5b
Convert 1ba (base 12) to base 3.
101121
What is -233 (base 8) in base 15?
-a5
Convert -303 (base 5) to base 3.
-2220
Convert -144 (base 14) to base 6.
-1104
Convert 13 (base 9) to base 2.
1100
-150 (base 6) to base 9
-73
2 (base 3) to base 2
10
-5 (base 6) to base 16
-5
Convert -12 (base 5) to base 15.
-7
Convert -3 (base 8) to base 3.
-10
What is 18 (base 9) in base 3?
122
What is 30 (base 4) in base 14?
c
Convert -110 (base 5) to base 3.
-1010
Convert -30 (base 15) to base 8.
-55
Convert 2 (base 15) to base 2.
10
What is -1022 (base 4) in base 12?
-62
Convert 460 (base 7) to base 14.
130
What is cb (base 14) in base 5?
1204
What is 440 (base 6) in base 8?
250
What is -3 (base 9) in base 3?
-10
Convert 125 (base 9) to base 2.
1101000
14 (base 15) to base 2
10011
Convert -1 (base 2) to base 8.
-1
Convert -14 (base 9) to base 10.
-13
What is 20 (base 6) in base 14?
c
-9 (base 16) to base 7
-12
-62 (base 14) to base 10
-86
What is -2 (base 13) in base 11?
-2
-22 (base 4) to base 15
-a
What is 1110 (base 3) in base 10?
39
-5 (base 15) to base 5
-10
What is -1121 (base 3) in base 10?
-43
What is 69 (base 15) in base 10?
99
1 (base 8) to base 6
1
What is 0 (base 16) in base 13?
0
-71 (base 12) to base 9
-104
Convert 2a (base 11) to base 13.
26
Convert 11 (base 2) to base 6.
3
Convert 15a (base 15) to base 13.
1ab
What is -14 (base 15) in base 6?
-31
Convert 7 (base 13) to base 5.
12
What is 10 (base 3) in base 4?
3
-4 (base 12) to base 4
-10
-2 (base 6) to base 3
-2
What is -39 (base 12) in base 13?
-36
Convert -2112 (base 3) to base 16.
-44
What is -32 (base 6) in base 3?
-202
1224 (base 5) to base 4
2331
What is 9 (base 10) in base 15?
9
What is -10 (base 4) in base 6?
-4
What is -15 (base 11) in base 13?
-13
1a (base 14) to base 2
11000
What is 10 (base 4) in base 3?
11
Convert 12c (base 13) to base 6.
543
What is 12 (base 12) in base 5?
24
What is 17 (base 14) in base 2?
10101
Convert -23 (base 10) to base 3.
-212
-7 (base 8) to base 11
-7
Convert -11 (base 2) to base 14.
-3
What is -7 (base 8) in base 12?
-7
Convert 101000 (base 2) to base 14.
2c
What is 2012 (base 5) in base 4?
10001
What is 23 (base 5) in base 12?
11
What is -4 (base 5) in base 15?
-4
Convert -12 (base 9) to base 7.
-14
What is 25 (base 14) in base 3?
1020
Convert -1001010 (base 2) to base 6.
-202
100 (base 2) to base 3
11
-6 (base 13) to base 11
-6
What is 110 (base 2) in base 15?
6
51 (base 11) to base 9
62
Convert -1 (base 9) to base 12.
-1
45 (base 7) to base 8
41
What is -42 (base 6) in base 2?
-11010
Convert -83 (base 15) to base 7.
-234
What is 1 (base 3) in base 5?
1
What is -a (base 13) in base 7?
-13
Convert 1 (base 15) to base 6.
1
-23 (base 4) to base 13
-b
64 (base 11) to base 16
46
What is -6 (base 12) in base 10?
-6
What is -3 (base 11) in base 6?
-3
What is -101 (base 4) in base 14?
-13
Convert -13 (base 6) to base 9.
-10
12 (base 16) to base 15
13
Convert -15c (base 13) to base 10.
-246
0 (base 15) to base 9
0
What is -7 (base 9) in base 3?
-21
What is de (base 16) in base 5?
1342
13 (base 11) to base 3
112
13 (base 12) to base 7
21
What is -8 (base 16) in base 6?
-12
What is 9 (base 10) in base 3?
100
What is -100100 (base 2) in base 8?
-44
19 (base 13) to base 4
112
What is 3 (base 8) in base 14?
3
What is 6 (base 10) in base 8?
6
Convert -10 (base 7) to base 9.
-7
What is 1011 (base 4) in base 9?
76
Convert -3 (base 11) to base 9.
-3
What is -15 (base 11) in base 12?
-14
What is 5 (base 11) in base 9?
5
What is -6 (base 8) in base 4?
-12
33 (base 11) to base 5
121
Convert 0 (base 12) to base 15.
0
What is 59 (base 11) in base 4?
1000
61 (base 9) to base 15
3a
Convert 10 (base 2) to base 7.
2
Convert 1053 (base 7) to base 2.
101111101
What is 3 (base 5) in base 6?
3
Convert 5 (base 13) to base 15.
5
What is -a (base 11) in base 5?
-20
6 (base 8) to base 9
6
-73 (base 13) to base 8
-136
-2222 (base 3) to base 8
-120
What is -8 (base 15) in base 4?
-20
Convert 3 (base 4) to base 10.
3
What is -44 (base 5) in base 8?
-30
Convert -1 (base 12) to base 7.
-1
9c (base 15) to base 6
403
What is -20 (base 3) in base 13?
-6
-24 (base 16) to base 6
-100
What is -10 (base 3) in base 16?
-3
-11 (base 3) to base 6
-4
Convert -6 (base 9) to base 4.
-12
Convert 5 (base 6) to base 15.
5
What is 1 (base 15) in base 10?
1
What is -3 (base 13) in base 11?
-3
Convert 2 (base 11) to base 15.
2
What is -15 (base 8) in base 13?
-10
Convert 137 (base 11) to base 5.
1121
-240 (base 5) to base 13
-55
101 (base 5) to base 6
42
Convert 